{"id":13382,"date":"2019-05-09T22:04:53","date_gmt":"2019-05-09T22:04:53","guid":{"rendered":"https:\/\/www.imaginatio.com.co\/MX3\/CLP\/?page_id=13382"},"modified":"2019-05-14T18:01:27","modified_gmt":"2019-05-14T18:01:27","slug":"tratamientos-rejuvenecimiento-rostro-y-cuello-lifting-facial-sin-cirugia-con-ultraskin","status":"publish","type":"page","link":"https:\/\/clinicalaserdepiel.com.co\/esp\/tratamientos-rejuvenecimiento-rostro-y-cuello-lifting-facial-sin-cirugia-con-ultraskin","title":{"rendered":"REJUVENECIMIENTO FACIAL CON ULTRASONIDO MICROFOCALIZADO"},"content":{"rendered":"<section class=\"wpb-content-wrapper\"><p>[vc_row css=&#8221;.vc_custom_1540328914895{padding-top: 6% !important;padding-bottom: 4% !important;}&#8221;][vc_column width=&#8221;2\/3&#8243;][vc_column_text]<\/p>\n<h1 class=\"western\"><b>Rejuvenecimiento facial<\/b> con Ultrasonido Microfocalizado (HIFU) para <b>flacidez facial<\/b> sin cirug\u00eda<b> <\/b><span style=\"color: #7030a0;\"><b>\u00a1Nuevo!<\/b><\/span><\/h1>\n<p align=\"justify\"><span style=\"font-family: Calibri Light, serif;\"><span style=\"font-size: medium;\">Ultraskin es una tecnolog\u00eda no invasiva de Ultrasonido Microfocalizado para <\/span><\/span><span style=\"font-family: Calibri Light, serif;\"><span style=\"font-size: medium;\"><b>rejuvenecimiento facial<\/b><\/span><\/span><span style=\"font-family: Calibri Light, serif;\"><span style=\"font-size: medium;\">, que se ha convertido en una soluci\u00f3n para la <\/span><\/span><span style=\"font-family: Calibri Light, serif;\"><span style=\"font-size: medium;\"><b>flacidez<\/b><\/span><\/span><span style=\"font-family: Calibri Light, serif;\"><span style=\"font-size: medium;\"> de la piel tratando las capas m\u00e1s profundas en rostro y cuello mediante la entrega de energ\u00eda t\u00e9rmica en la capa SMAS (Sistema M\u00fasculoaponeur\u00f3tico Superficial).\u00a0 <\/span><\/span><\/p>\n<p align=\"justify\"><span style=\"font-family: Calibri Light, serif;\"><span style=\"font-size: medium;\">Con esta tecnolog\u00eda, se puede alcanzar un resultado de aspecto natural sin incapacidad ajust\u00e1ndose perfectamente a su estilo de vida.<\/span><\/span><\/p>\n<p align=\"justify\"><a href=\"http:\/\/clinicalaserdepiel.com.co\/esp\/contactenos\/\" target=\"_blank\" rel=\"noopener\"><img loading=\"lazy\" decoding=\"async\" class=\"alignnone wp-image-13363 size-medium\" src=\"https:\/\/clinicalaserdepiel.com.co\/esp\/wp-content\/uploads\/2019\/05\/PREGUNTAS-REJUVENECIMIENTO-300x60.jpg\" alt=\"PREGUNTAS REJUVENECIMIENTO\" width=\"300\" height=\"60\" srcset=\"https:\/\/clinicalaserdepiel.com.co\/esp\/wp-content\/uploads\/2019\/05\/PREGUNTAS-REJUVENECIMIENTO-300x60.jpg 300w, https:\/\/clinicalaserdepiel.com.co\/esp\/wp-content\/uploads\/2019\/05\/PREGUNTAS-REJUVENECIMIENTO.jpg 388w\" sizes=\"(max-width: 300px) 100vw, 300px\" \/><\/a><\/p>\n<h2 class=\"western\" align=\"justify\">Ultrasonido Microfocalizado (HIFU): Tecnolog\u00eda no invasiva que ha revolucionado el tratamiento para la<b> flacidez facial <\/b><\/h2>\n<h3 class=\"western\">Recupera la belleza de tu piel, \u00a1Luce una piel firme y tersa!<\/h3>\n<p align=\"justify\"><span style=\"font-family: Times New Roman, serif;\"><span style=\"font-size: medium;\"><span style=\"font-family: Calibri Light, serif;\">A medida que pasa el tiempo, la piel del rostro se vuelve fl\u00e1cida con la gravedad generando <\/span><span style=\"font-family: Calibri Light, serif;\"><b>flacidez facial<\/b><\/span><span style=\"font-family: Calibri Light, serif;\"> y se pierde\u00a0 la belleza natural de la juventud.<\/span><\/span><\/span><\/p>\n<p align=\"justify\"><a name=\"_GoBack\"><\/a> <span style=\"font-family: Times New Roman, serif;\"><span style=\"font-size: medium;\"><span style=\"font-family: Calibri Light, serif;\">La primera generaci\u00f3n de equipos que surgieron para combatir la flacidez facial consist\u00eda en radiofrecuencias monopolares, bipolares y rayos infrarrojos junto a ultrasonidos en general, los cuales llevaban energ\u00eda a la dermis profunda activando el col\u00e1geno. En la b\u00fasqueda de aumentar la mejor\u00eda en los tratamientos para la <\/span><span style=\"font-family: Calibri Light, serif;\"><b>flacidez facial<\/b><\/span><span style=\"font-family: Calibri Light, serif;\"> surgi\u00f3 la segunda generaci\u00f3n de equipos, con nueva tecnolog\u00eda de ultrasonido microfocalizado (HIFU) que llega m\u00e1s profundo de lo que llegaba la primera generaci\u00f3n, es decir, al SMAS (fibra que rodea a los m\u00fasculos y es la responsable de la m\u00edmica facial, sostiene los tejidos) para lograr una mayor generaci\u00f3n de col\u00e1geno y mejor efectividad en los tratamientos contra la flacidez.<\/span><\/span><\/span><\/p>\n<p align=\"justify\"><span style=\"font-family: Calibri Light, serif;\"><span style=\"font-size: medium;\">La nueva tecnolog\u00eda de segunda generaci\u00f3n de ultrasonido microfocalizado HIFU Ultraskin, es un procedimiento de <\/span><\/span><span style=\"font-family: Calibri Light, serif;\"><span style=\"font-size: medium;\"><b>rejuvenecimiento facial<\/b><\/span><\/span><span style=\"font-family: Calibri Light, serif;\"><span style=\"font-size: medium;\"> tolerable, con muy buenos resultados para la <\/span><\/span><span style=\"font-family: Calibri Light, serif;\"><span style=\"font-size: medium;\"><b>flacidez facial<\/b><\/span><\/span><span style=\"font-family: Calibri Light, serif;\"><span style=\"font-size: medium;\">, sin los riesgos e incapacidad de una cirug\u00eda.<\/span><\/span><\/p>\n<p align=\"justify\"><span style=\"font-family: Times New Roman, serif;\"><span style=\"font-size: medium;\"><span style=\"font-family: Calibri Light, serif;\">Con Ultraskin el paciente alcanza una apariencia naturalmente rejuvenecida, ya que las capas SMAS se contraen por la penetraci\u00f3n del Ultrasonido Microfocalizado para hacer un efecto de tensado de la piel y la estimulaci\u00f3n de la dermis promueve la regeneraci\u00f3n de las fibras el\u00e1sticas. Entre m\u00e1s tensado mejor estirado.<\/span><\/span><\/span><\/p>\n<h2 class=\"western\">\u00bfEn qu\u00e9 consiste el tratamiento para <b>flacidez facial<\/b> con Ultraskin?<\/h2>\n<p><span style=\"font-family: Calibri Light, serif;\"><span style=\"font-size: medium;\">Esta tecnolog\u00eda ha revolucionado los tratamientos lifting o estiramiento cut\u00e1neo para la <\/span><\/span><span style=\"font-family: Calibri Light, serif;\"><span style=\"font-size: medium;\"><b>flacidez facial<\/b><\/span><\/span><span style=\"font-family: Calibri Light, serif;\"><span style=\"font-size: medium;\">, al producir una energ\u00eda t\u00e9rmica en las capas m\u00e1s profundas de la piel, llegando hasta el SMAS.<\/span><\/span><\/p>\n<p><span style=\"font-family: Calibri Light, serif;\"><span style=\"font-size: medium;\">El SMAS (Sistema M\u00fasculoaponeur\u00f3tico Superficial), es una red el\u00e1stica responsable de sostener los tejidos y en hacer que las fibras de col\u00e1geno se contraigan inmediatamente, sin da\u00f1ar la epidermis y los tejidos circundantes. \u00a0<\/span><\/span><\/p>\n<p><span style=\"font-family: Calibri Light, serif;\"><span style=\"font-size: medium;\">El resultado es el estiramiento cut\u00e1neo, lo que se traduce en la piel m\u00e1s joven y tersa de forma natural sin incapacidad y sin cirug\u00eda.\u00a0<\/span><\/span><\/p>\n<p><img loading=\"lazy\" decoding=\"async\" class=\"alignnone size-medium wp-image-13383\" src=\"https:\/\/clinicalaserdepiel.com.co\/esp\/wp-content\/uploads\/2019\/05\/3.-12-12-2018-Ultraskin-Diferencias-con-otras-tecnolog\u00edas-2-300x184.jpg\" alt=\"Ultraskin - Flacidez facial\" width=\"300\" height=\"184\" srcset=\"https:\/\/clinicalaserdepiel.com.co\/esp\/wp-content\/uploads\/2019\/05\/3.-12-12-2018-Ultraskin-Diferencias-con-otras-tecnolog\u00edas-2-300x184.jpg 300w, https:\/\/clinicalaserdepiel.com.co\/esp\/wp-content\/uploads\/2019\/05\/3.-12-12-2018-Ultraskin-Diferencias-con-otras-tecnolog\u00edas-2-768x472.jpg 768w, https:\/\/clinicalaserdepiel.com.co\/esp\/wp-content\/uploads\/2019\/05\/3.-12-12-2018-Ultraskin-Diferencias-con-otras-tecnolog\u00edas-2-1024x629.jpg 1024w, https:\/\/clinicalaserdepiel.com.co\/esp\/wp-content\/uploads\/2019\/05\/3.-12-12-2018-Ultraskin-Diferencias-con-otras-tecnolog\u00edas-2-600x369.jpg 600w\" sizes=\"(max-width: 300px) 100vw, 300px\" \/><\/p>\n<h2 class=\"western\">Ultrasonido microfocalizado para tensar y levantar la piel con <b>flacidez facial<\/b><\/h2>\n<p align=\"justify\"><span style=\"font-family: Calibri Light, serif;\"><span style=\"font-size: medium;\">Est\u00e1 probado cient\u00edficamente que cuando las ondas de sonido generan calor en capas profundas, a una temperatura de 65 a 70 grados,\u00a0 haciendo peque\u00f1os puntos de coagulaci\u00f3n, sin alterar la superficie de la piel, se produce la contracci\u00f3n del tejido conectivo, lo que se traduce en un estiramiento de la piel inmediato y progresivo durante\u00a0 los meses siguientes, combatiendo la <\/span><\/span><span style=\"font-family: Calibri Light, serif;\"><span style=\"font-size: medium;\"><b>flacidez facial<\/b><\/span><\/span><span style=\"font-family: Calibri Light, serif;\"><span style=\"font-size: medium;\">.<\/span><\/span><\/p>\n<p align=\"justify\"><span style=\"font-family: Calibri Light, serif;\"><span style=\"font-size: medium;\">El tratamiento para <\/span><\/span><span style=\"font-family: Calibri Light, serif;\"><span style=\"font-size: medium;\"><b>rejuvenecimiento facial<\/b><\/span><\/span><span style=\"font-family: Calibri Light, serif;\"><span style=\"font-size: medium;\"> con Ultraskin es sin incapacidad, sin anestesia y sin los riesgos de una cirug\u00eda. <\/span><\/span><\/p>\n<p align=\"justify\"><span style=\"font-family: Calibri Light, serif;\"><span style=\"font-size: medium;\">Despu\u00e9s del tratamiento, el paciente puede quedar con un ligero eritema (color rosado) y leve irritaci\u00f3n, pero puede maquillarse inmediatamente y retornar a sus actividades cotidianas. <\/span><\/span><\/p>\n<p align=\"justify\"><span style=\"font-family: Calibri Light, serif;\"><span style=\"font-size: medium;\">Puede experimentar piel sensible en \u00e1reas tratadas durante la semana posterior al tratamiento y no debe tomar antihistam\u00ednicos ni estar anticoagulado, pues estos pueden interferir con los resultados del tratamiento. Es bien tolerado por los pacientes, quienes en la mayor\u00eda de los casos solo requiere de una crema anest\u00e9sica t\u00f3pica.<\/span><\/span><\/p>\n<h3 class=\"western\" align=\"justify\">\u00a1Lib\u00e9rate de la <b>flacidez facial<\/b> y luce una piel firme y tersa!<\/h3>\n<h2 class=\"western\" align=\"justify\">\u00bfQui\u00e9n es apto para el tratamiento para <b>flacidez facial<\/b> con Ultraskin?<\/h2>\n<p align=\"justify\"><span style=\"font-family: Calibri Light, serif;\"><span style=\"font-size: medium;\">Las personas que presenten leve a moderada flacidez en cara, con p\u00e9rdida de l\u00ednea de mand\u00edbula\u00a0 y papada y no deseen someterse a los riesgos de una cirug\u00eda son aptas para el tratamiento de <\/span><\/span><span style=\"font-family: Calibri Light, serif;\"><span style=\"font-size: medium;\"><b>flacidez facial<\/b><\/span><\/span><span style=\"font-family: Calibri Light, serif;\"><span style=\"font-size: medium;\"> con Ultraskin.<\/span><\/span><\/p>\n<h2 class=\"western\" align=\"justify\">\u00bfQu\u00e9 resultados se pueden esperar con el tratamiento para <b>flacidez facial<\/b> con Ultraskin?<\/h2>\n<p align=\"justify\"><span style=\"font-family: Calibri Light, serif;\"><span style=\"font-size: medium;\">Generalmente es posible ver la reducci\u00f3n progresiva de la <\/span><\/span><span style=\"font-family: Calibri Light, serif;\"><span style=\"font-size: medium;\"><b>flacidez<\/b><\/span><\/span><span style=\"font-family: Calibri Light, serif;\"><span style=\"font-size: medium;\"> cut\u00e1nea despu\u00e9s del tratamiento, haci\u00e9ndose m\u00e1s evidente despu\u00e9s de 30 d\u00edas e intensific\u00e1ndose hasta los 3 meses, debido a la generaci\u00f3n progresiva de col\u00e1geno posterior a la aplicaci\u00f3n del ultrasonido.<\/span><\/span><\/p>\n<p align=\"justify\"><span style=\"font-family: Calibri Light, serif;\"><span style=\"font-size: medium;\">Los resultados del tratamiento para la <\/span><\/span><span style=\"font-family: Calibri Light, serif;\"><span style=\"font-size: medium;\"><b>flacidez facial<\/b><\/span><\/span><span style=\"font-family: Calibri Light, serif;\"><span style=\"font-size: medium;\"> con Ultraskin var\u00edan de un paciente a otro y se aprecian en elevaci\u00f3n de cejas, y reducci\u00f3n de laxitud, mejor delineamiento de l\u00ednea de mand\u00edbula y reducci\u00f3n de papada. Igualmente en laxitud de cuello, dando paso a una piel m\u00e1s firme y bella.\u00a0 Rara vez un paciente puede no responder al tratamiento.<\/span><\/span><\/p>\n<p align=\"justify\"><span style=\"font-family: Calibri Light, serif;\"><span style=\"font-size: medium;\">Los beneficios de tratar la <\/span><\/span><span style=\"font-family: Calibri Light, serif;\"><span style=\"font-size: medium;\"><b>flacidez facial<\/b><\/span><\/span><span style=\"font-family: Calibri Light, serif;\"><span style=\"font-size: medium;\"> con Ultraskin son variados: estiramiento facial, mejora en el contorno de la mand\u00edbula, estiramiento de las mejillas, papada y cuello, apariencia m\u00e1s ovalada del rostro y mejora de las arrugas, especialmente las del surco entre la nariz y la boca. <\/span><\/span><\/p>\n<p align=\"justify\"><span style=\"font-family: Calibri Light, serif;\"><span style=\"font-size: medium;\">Igualmente cuando el procedimiento con Ultraskin para <\/span><\/span><span style=\"font-family: Calibri Light, serif;\"><span style=\"font-size: medium;\"><b>flacidez facial<\/b><\/span><\/span><span style=\"font-family: Calibri Light, serif;\"><span style=\"font-size: medium;\"> se realiza en la parte superior del rostro puede obtenerse un leve elevamiento de cejas, dando como resultado una mirada m\u00e1s fresca.\u00a0<\/span><\/span><\/p>\n<h2 class=\"western\" align=\"justify\">\u00bfCuantas sesiones son requeridas en el tratamiento para <b>flacidez facial<\/b> con Ultraskin?<\/h2>\n<p align=\"justify\"><span style=\"font-family: Calibri Light, serif;\"><span style=\"font-size: medium;\">Generalmente de una a tres sesiones pueden recomendarse dependiendo del grado de flacidez de cada paciente.\u00a0 Requiere de mantenimiento en periodo de 10 a 12 meses.<\/span><\/span><\/p>\n<h3 class=\"western\">\u00bfQu\u00e9 ventajas tiene el tratamiento de <b>flacidez facial<\/b> con Ultraskin?<\/h3>\n<ul>\n<li><span style=\"font-family: Calibri Light, serif;\"><span style=\"font-size: medium;\">Mejora flacidez y surcos<\/span><\/span><\/li>\n<li><span style=\"font-family: Calibri Light, serif;\"><span style=\"font-size: medium;\">Recupera contorno de mand\u00edbula<\/span><\/span><\/li>\n<li><span style=\"font-family: Calibri Light, serif;\"><span style=\"font-size: medium;\">Mejora doble ment\u00f3n o papada\u00a0<\/span><\/span><\/li>\n<li><span style=\"font-family: Calibri Light, serif;\"><span style=\"font-size: medium;\">No invasivo, sin anestesia<\/span><\/span><\/li>\n<li><span style=\"font-family: Calibri Light, serif;\"><span style=\"font-size: medium;\">Lifting de cejas<\/span><\/span><\/li>\n<li><span style=\"font-family: Calibri Light, serif;\"><span style=\"font-size: medium;\">Mejora flacidez en\u00a0 escote<\/span><\/span><\/li>\n<li><span style=\"font-family: Calibri Light, serif;\"><span style=\"font-size: medium;\">Mejora flacidez en cara y cuerpo<\/span><\/span><\/li>\n<li><span style=\"font-family: Calibri Light, serif;\"><span style=\"font-size: medium;\">Sin incapacidad.\u00a0<\/span><\/span><\/li>\n<\/ul>\n<p align=\"justify\"><span style=\"font-family: Calibri Light, serif;\"><span style=\"font-size: medium;\">Este tratamiento puede complementarse con rellenos para arrugas din\u00e1micas, o tratamientos l\u00e1ser para un resultado espectacular.\u00a0<\/span><\/span><\/p>\n<p align=\"justify\"><span style=\"font-family: Calibri Light, serif;\"><span style=\"font-size: medium;\">Pide una consulta en Cl\u00ednica Laser de Piel Bogot\u00e1, Medell\u00edn o Cali, donde nuestros expertos te har\u00e1n un paquete personalizado que combina\u00a0 diferentes tecnolog\u00edas en <\/span><\/span><span style=\"font-family: Calibri Light, serif;\"><span style=\"font-size: medium;\"><b>rejuvenecimiento facial<\/b><\/span><\/span><span style=\"font-family: Calibri Light, serif;\"><span style=\"font-size: medium;\"> para lograr una piel m\u00e1s joven y tersa.<\/span><\/span><\/p>\n<p align=\"justify\"><span style=\"font-family: Calibri Light, serif;\"><span style=\"font-size: medium;\">*S\u00f3lo en Bogot\u00e1, Medell\u00edn o Cali.<\/span><\/span><\/p>\n<p>[\/vc_column_text][\/vc_column][vc_column width=&#8221;1\/3&#8243;]\n<div class=\"wpcf7 no-js\" id=\"wpcf7-f3006-o1\" lang=\"en-US\" dir=\"ltr\">\n<div class=\"screen-reader-response\"><p role=\"status\" aria-live=\"polite\" aria-atomic=\"true\"><\/p> <ul><\/ul><\/div>\n<form action=\"\/esp\/wp-json\/wp\/v2\/pages\/13382#wpcf7-f3006-o1\" method=\"post\" class=\"wpcf7-form init\" aria-label=\"Contact form\" novalidate=\"novalidate\" data-status=\"init\">\n<div style=\"display: none;\">\n<input type=\"hidden\" name=\"_wpcf7\" value=\"3006\" \/>\n<input type=\"hidden\" name=\"_wpcf7_version\" value=\"5.9.8\" \/>\n<input type=\"hidden\" name=\"_wpcf7_locale\" value=\"en_US\" \/>\n<input type=\"hidden\" name=\"_wpcf7_unit_tag\" value=\"wpcf7-f3006-o1\" \/>\n<input type=\"hidden\" name=\"_wpcf7_container_post\" value=\"0\" \/>\n<input type=\"hidden\" name=\"_wpcf7_posted_data_hash\" value=\"\" \/>\n<input type=\"hidden\" name=\"_wpcf7_recaptcha_response\" value=\"\" \/>\n<\/div>\n<div class=\"form__container\">\n\t<div class=\"form__home__group\">\n\t\t<p><label> \u00bfEres paciente de Cl\u00ednica L\u00e1ser de Piel Colombia?<\/label><br \/>\n<span class=\"wpcf7-form-control-wrap\" data-name=\"radio-555\"><span class=\"wpcf7-form-control wpcf7-radio\"><span class=\"wpcf7-list-item first\"><input type=\"radio\" name=\"radio-555\" value=\"Si\" checked=\"checked\" \/><span class=\"wpcf7-list-item-label\">Si<\/span><\/span><span class=\"wpcf7-list-item last\"><input type=\"radio\" name=\"radio-555\" value=\"No\" \/><span class=\"wpcf7-list-item-label\">No<\/span><\/span><\/span><\/span><br \/>\n<span class=\"wpcf7-form-control-wrap\" data-name=\"your-name\"><input size=\"40\" maxlength=\"400\" class=\"wpcf7-form-control wpcf7-text wpcf7-validates-as-required\" aria-required=\"true\" aria-invalid=\"false\" placeholder=\"Nombre completo\" value=\"\" type=\"text\" name=\"your-name\" \/><\/span>\n\t\t<\/p>\n\t<\/div>\n\t<div class=\"form__home__group\">\n\t\t<p><span class=\"wpcf7-form-control-wrap\" data-name=\"tel-834\"><input size=\"40\" maxlength=\"400\" class=\"wpcf7-form-control wpcf7-tel wpcf7-validates-as-required wpcf7-text wpcf7-validates-as-tel placeholder-style\" aria-required=\"true\" aria-invalid=\"false\" placeholder=\"Tel\u00e9fono\" value=\"\" type=\"tel\" name=\"tel-834\" \/><\/span>\n\t\t<\/p>\n\t<\/div>\n\t<div class=\"form__home__group\">\n\t\t<p><span class=\"wpcf7-form-control-wrap\" data-name=\"your-email\"><input size=\"40\" maxlength=\"400\" class=\"wpcf7-form-control wpcf7-email wpcf7-validates-as-required wpcf7-text wpcf7-validates-as-email placeholder-style\" aria-required=\"true\" aria-invalid=\"false\" placeholder=\"Correo\" value=\"\" type=\"email\" name=\"your-email\" \/><\/span>\n\t\t<\/p>\n\t<\/div>\n\t<div class=\"form__home__group\">\n\t\t<p><span class=\"wpcf7-form-control-wrap\" data-name=\"ciudad\"><select class=\"wpcf7-form-control wpcf7-select wpcf7-validates-as-required\" aria-required=\"true\" aria-invalid=\"false\" name=\"ciudad\"><option value=\"\">\u00bfEn qu\u00e9 ciudad desea recibir atenci\u00f3n presencial?<\/option><option value=\"Bogot\u00e1\">Bogot\u00e1<\/option><option value=\"Medell\u00edn\">Medell\u00edn<\/option><option value=\"Cali\">Cali<\/option><option value=\"Barranquilla\">Barranquilla<\/option><\/select><\/span>\n\t\t<\/p>\n\t<\/div>\n\t<div class=\"form__home__group\">\n\t\t<p><span class=\"wpcf7-form-control-wrap\" data-name=\"tratamiento\"><select class=\"wpcf7-form-control wpcf7-select wpcf7-validates-as-required\" aria-required=\"true\" aria-invalid=\"false\" name=\"tratamiento\"><option value=\"\">Tratamiento de inter\u00e9s<\/option><option value=\"Acn\u00e9 activo\">Acn\u00e9 activo<\/option><option value=\"Bolsas en ojos\">Bolsas en ojos<\/option><option value=\"Cicatrices\">Cicatrices<\/option><option value=\"Depilaci\u00f3n l\u00e1ser\">Depilaci\u00f3n l\u00e1ser<\/option><option value=\"Estr\u00edas\">Estr\u00edas<\/option><option value=\"Hiperpigmentaci\u00f3n labial\">Hiperpigmentaci\u00f3n labial<\/option><option value=\"Lifting facial\">Lifting facial<\/option><option value=\"Pecas, manchas y melasma\">Pecas, manchas y melasma<\/option><option value=\"Moldeamiento corporal, reducci\u00f3n de medidas, celulitis\">Moldeamiento corporal, reducci\u00f3n de medidas, celulitis<\/option><option value=\"Rejuvenecimiento facial\">Rejuvenecimiento facial<\/option><option value=\"Remoci\u00f3n de tatuajes\">Remoci\u00f3n de tatuajes<\/option><option value=\"Venas en piernas\">Venas en piernas<\/option><option value=\"Otro\">Otro<\/option><\/select><\/span>\n\t\t<\/p>\n\t<\/div>\n\t<div class=\"form__home__group__no__flex\">\n\t\t<p><span class=\"wpcf7-form-control-wrap\" data-name=\"your-message\"><textarea cols=\"40\" rows=\"10\" maxlength=\"2000\" class=\"wpcf7-form-control wpcf7-textarea placeholder-style\" aria-invalid=\"false\" placeholder=\"Mensaje\" name=\"your-message\"><\/textarea><\/span>\n\t\t<\/p>\n\t<\/div>\n\t<div class=\"form__home__group__no__flex\">\n\t\t<p class=\"parrafos\" style=\"font-size:10px;line-height: 14px;text-align: justify;\">De manera voluntaria, expl\u00edcita, informada e inequ\u00edvoca, autorizo a Cl\u00ednica L\u00e1ser de Piel para tratar mis datos personales, de acuerdo con lo dispuesto en los art\u00edculos 5, 7 y concordantes del Decreto 1377 de 2013 y las dem\u00e1s disposiciones legales referentes al tema. Para mayor informaci\u00f3n acerca del manejo de tus datos personales, puedes revisar nuestra <label><a href=\"https:\/\/clinicalaserdepiel.com.co\/esp\/publicaciones\/politica-de-manejo-de-datos\" target=\"_blank\"> pol\u00edtica de tratamiento de datos.<\/a><\/label>\n\t\t<\/p>\n\t<\/div>\n\t<div style=\"display: flex; justify-content: center;\">\n\t\t<p><input class=\"wpcf7-form-control wpcf7-submit has-spinner titulo__columna espaciado__titulo__columna\" type=\"submit\" value=\"enviar\" \/>\n\t\t<\/p>\n\t<\/div>\n<\/div><p style=\"display: none !important;\" class=\"akismet-fields-container\" data-prefix=\"_wpcf7_ak_\"><label>&#916;<textarea name=\"_wpcf7_ak_hp_textarea\" cols=\"45\" rows=\"8\" maxlength=\"100\"><\/textarea><\/label><input type=\"hidden\" id=\"ak_js_1\" name=\"_wpcf7_ak_js\" value=\"222\"\/><script>document.getElementById( \"ak_js_1\" ).setAttribute( \"value\", ( new Date() ).getTime() );<\/script><\/p><div class=\"wpcf7-response-output\" aria-hidden=\"true\"><\/div>\n<\/form>\n<\/div>\n[\/vc_column][\/vc_row]<\/p>\n<\/section>","protected":false},"excerpt":{"rendered":"<p>[vc_row css=&#8221;.vc_custom_1540328914895{padding-top: 6% !important;padding-bottom: 4% !important;}&#8221;][vc_column width=&#8221;2\/3&#8243;][vc_column_text] Rejuvenecimiento facial con Ultrasonido Microfocalizado (HIFU) para flacidez facial sin cirug\u00eda \u00a1Nuevo! Ultraskin es una tecnolog\u00eda no invasiva de Ultrasonido Microfocalizado para rejuvenecimiento facial, que se ha convertido en una soluci\u00f3n para la flacidez de la piel tratando&#8230;<\/p>\n","protected":false},"author":2,"featured_media":0,"parent":0,"menu_order":0,"comment_status":"closed","ping_status":"closed","template":"","meta":{"footnotes":""},"class_list":["post-13382","page","type-page","status-publish","hentry"],"_links":{"self":[{"href":"https:\/\/clinicalaserdepiel.com.co\/esp\/wp-json\/wp\/v2\/pages\/13382"}],"collection":[{"href":"https:\/\/clinicalaserdepiel.com.co\/esp\/wp-json\/wp\/v2\/pages"}],"about":[{"href":"https:\/\/clinicalaserdepiel.com.co\/esp\/wp-json\/wp\/v2\/types\/page"}],"author":[{"embeddable":true,"href":"https:\/\/clinicalaserdepiel.com.co\/esp\/wp-json\/wp\/v2\/users\/2"}],"replies":[{"embeddable":true,"href":"https:\/\/clinicalaserdepiel.com.co\/esp\/wp-json\/wp\/v2\/comments?post=13382"}],"version-history":[{"count":0,"href":"https:\/\/clinicalaserdepiel.com.co\/esp\/wp-json\/wp\/v2\/pages\/13382\/revisions"}],"wp:attachment":[{"href":"https:\/\/clinicalaserdepiel.com.co\/esp\/wp-json\/wp\/v2\/media?parent=13382"}],"curies":[{"name":"wp","href":"https:\/\/api.w.org\/{rel}","templated":true}]}}