{"version":"1.0","provider_name":"Cl\u00ednica L\u00e1ser de Piel - Especialistas en L\u00e1ser de Piel Colombia","provider_url":"https:\/\/clinicalaserdepiel.com.co\/esp","title":"Oscar Castellanos Acosta - Cl\u00ednica L\u00e1ser de Piel - Especialistas en L\u00e1ser de Piel Colombia","type":"rich","width":600,"height":338,"html":"<blockquote class=\"wp-embedded-content\" data-secret=\"Npr5BBlF91\"><a href=\"https:\/\/clinicalaserdepiel.com.co\/esp\/testimonios\/oscar-castellanos-acosta\">Oscar Castellanos Acosta<\/a><\/blockquote><iframe sandbox=\"allow-scripts\" security=\"restricted\" src=\"https:\/\/clinicalaserdepiel.com.co\/esp\/testimonios\/oscar-castellanos-acosta\/embed#?secret=Npr5BBlF91\" width=\"600\" height=\"338\" title=\"&#8220;Oscar Castellanos Acosta&#8221; &#8212; Cl\u00ednica L\u00e1ser de Piel - Especialistas en L\u00e1ser de Piel Colombia\" data-secret=\"Npr5BBlF91\" frameborder=\"0\" marginwidth=\"0\" marginheight=\"0\" scrolling=\"no\" class=\"wp-embedded-content\"><\/iframe><script type=\"text\/javascript\">\n\/* <![CDATA[ *\/\n\/*! This file is auto-generated *\/\n!function(d,l){\"use strict\";l.querySelector&&d.addEventListener&&\"undefined\"!=typeof URL&&(d.wp=d.wp||{},d.wp.receiveEmbedMessage||(d.wp.receiveEmbedMessage=function(e){var t=e.data;if((t||t.secret||t.message||t.value)&&!\/[^a-zA-Z0-9]\/.test(t.secret)){for(var s,r,n,a=l.querySelectorAll('iframe[data-secret=\"'+t.secret+'\"]'),o=l.querySelectorAll('blockquote[data-secret=\"'+t.secret+'\"]'),c=new RegExp(\"^https?:$\",\"i\"),i=0;i<o.length;i++)o[i].style.display=\"none\";for(i=0;i<a.length;i++)s=a[i],e.source===s.contentWindow&&(s.removeAttribute(\"style\"),\"height\"===t.message?(1e3<(r=parseInt(t.value,10))?r=1e3:~~r<200&&(r=200),s.height=r):\"link\"===t.message&&(r=new URL(s.getAttribute(\"src\")),n=new URL(t.value),c.test(n.protocol))&&n.host===r.host&&l.activeElement===s&&(d.top.location.href=t.value))}},d.addEventListener(\"message\",d.wp.receiveEmbedMessage,!1),l.addEventListener(\"DOMContentLoaded\",function(){for(var e,t,s=l.querySelectorAll(\"iframe.wp-embedded-content\"),r=0;r<s.length;r++)(t=(e=s[r]).getAttribute(\"data-secret\"))||(t=Math.random().toString(36).substring(2,12),e.src+=\"#?secret=\"+t,e.setAttribute(\"data-secret\",t)),e.contentWindow.postMessage({message:\"ready\",secret:t},\"*\")},!1)))}(window,document);\n\/* ]]> *\/\n<\/script>\n","description":"Considero que la decisi\u00f3n de tomar el tratamiento con l\u00e1ser en la cl\u00ednica, fue una de las mejores que he tomado, desde las primera sesiones se fueron viendo los resultados, mi rostro ya no luce la apariencia roja que ten\u00eda, se ve m\u00e1s saludable y..."}

Clínica Láser de Piel - Especialistas en Láser de Piel Colombia

Oscar Castellanos Acosta - Clínica Láser de Piel - Especialistas en Láser de Piel Colombia

<blockquote class="wp-embedded-content" data-secret="Npr5BBlF91"><a href="https://clinicalaserdepiel.com.co/esp/testimonios/oscar-castellanos-acosta">Oscar Castellanos Acosta</a></blockquote><iframe sandbox="allow-scripts" security="restricted" src="https://clinicalaserdepiel.com.co/esp/testimonios/oscar-castellanos-acosta/embed#?secret=Npr5BBlF91" width="600" height="338" title="&#8220;Oscar Castellanos Acosta&#8221; &#8212; Clínica Láser de Piel - Especialistas en Láser de Piel Colombia" data-secret="Npr5BBlF91" frameborder="0" marginwidth="0" marginheight="0" scrolling="no" class="wp-embedded-content"></iframe><script type="text/javascript">
/* <![CDATA[ */
/*! This file is auto-generated */
!function(d,l){"use strict";l.querySelector&&d.addEventListener&&"undefined"!=typeof URL&&(d.wp=d.wp||{},d.wp.receiveEmbedMessage||(d.wp.receiveEmbedMessage=function(e){var t=e.data;if((t||t.secret||t.message||t.value)&&!/[^a-zA-Z0-9]/.test(t.secret)){for(var s,r,n,a=l.querySelectorAll('iframe[data-secret="'+t.secret+'"]'),o=l.querySelectorAll('blockquote[data-secret="'+t.secret+'"]'),c=new RegExp("^https?:$","i"),i=0;i<o.length;i++)o[i].style.display="none";for(i=0;i<a.length;i++)s=a[i],e.source===s.contentWindow&&(s.removeAttribute("style"),"height"===t.message?(1e3<(r=parseInt(t.value,10))?r=1e3:~~r<200&&(r=200),s.height=r):"link"===t.message&&(r=new URL(s.getAttribute("src")),n=new URL(t.value),c.test(n.protocol))&&n.host===r.host&&l.activeElement===s&&(d.top.location.href=t.value))}},d.addEventListener("message",d.wp.receiveEmbedMessage,!1),l.addEventListener("DOMContentLoaded",function(){for(var e,t,s=l.querySelectorAll("iframe.wp-embedded-content"),r=0;r<s.length;r++)(t=(e=s[r]).getAttribute("data-secret"))||(t=Math.random().toString(36).substring(2,12),e.src+="#?secret="+t,e.setAttribute("data-secret",t)),e.contentWindow.postMessage({message:"ready",secret:t},"*")},!1)))}(window,document);
/* ]]> */
</script>

Considero que la decisión de tomar el tratamiento con láser en la clínica, fue una de las mejores que he tomado, desde las primera sesiones se fueron viendo los resultados, mi rostro ya no luce la apariencia roja que tenía, se ve más saludable y...
